{"id":3,"date":"2009-12-15T17:42:58","date_gmt":"2009-12-15T16:42:58","guid":{"rendered":"http:\/\/alpeia.com\/blogs\/rolemonsters\/?page_id=3"},"modified":"2009-12-17T11:42:18","modified_gmt":"2009-12-17T10:42:18","slug":"foro","status":"publish","type":"page","link":"https:\/\/alpeia.com\/blogs\/rolemonsters\/foro\/","title":{"rendered":"Quienes somos"},"content":{"rendered":"<p style=\"text-align: justify\"><strong>Rolemonsters<\/strong> es un grupo de jugadores de rol ubicado en Cullera que tras 20 a\u00f1os de partidas a multitud de juegos sigue dando guerra. Cualquiera diria que 20 a\u00f1os da para acabar con todos los dragones de un mundo, pero lo cierto es que a\u00fan nos quedan muchas aventuras que recorrer juntos pues el rol se extiende hasta m\u00e1s all\u00e1 de lo conocido. En nuestra plantilla completa somos 7 jugadores y aunque los azares del destino solo consiguen reuninos a unos 5 en cada quedada realizada mantenemos la ilusi\u00f3n de seguir siendo las \u00ab7 Maravillas del Rol\u00bb.<\/p>\n<ul>\n<li><strong>Eihir.<\/strong>&#8211; Master habitual de Runequest, Glorantha es su mundo y en estos a\u00f1os ha realizado aportaciones interesantes al sistema. Tambi\u00e9n destacable su labor dirigiendo Superheroes Inc., Feng Shui o la Llamada de Cthuclh\u00fa entre mutros otros. En la actualidad es uno de los Masters del Multiverso Runequest al que seguimos jugando en la versi\u00f3n de reglamento de RQM.<\/li>\n<li><strong>Everblight.- <\/strong>Le chiflan los robots y la tecnolog\u00eda por lo que r\u00e1pidamente aport\u00f3 al grupo esas partidas de ciencia ficci\u00f3n tan esperadas. Son recordados con afecto sus personajes paladines y robots. Master de Starwars y Ciberpunk principalmente en el grupo aunque dirige tambi\u00e9n a D&amp;D.<strong><br \/>\n<\/strong><\/li>\n<li><strong>Galdric.- <\/strong>Le gustan los c\u00f3mics, la literatura, las motos, las miniaturas,&#8230; \u00bfHay alguna cosa que no le guste? Siempre le ha costado focalizar su afici\u00f3n en un \u00fanico juego o sistema por lo que suele picoterar haciendo de master a multitud de juegos diferentes. Su nombre deriva del que tienen sus personajes: Galdric el Oscuro, Galdric el Viajero, Galdric el Shamman,&#8230; Ultimamente ha dirigido a Traveller, D&amp;D y pr\u00f3ximamente a StarWars.<strong><br \/>\n<\/strong><\/li>\n<li><strong>Gilgul.- <\/strong>Se\u00f1or de los anillos y elfos silvanos definen a este jugador de estrategia que siempre ser\u00e1 recordado po la frase: \u00ab&#8230;matem a uno i mo n&#8217;anem&#8230;\u00bb de la m\u00edtica partida del Asesino del Destornillador. Master de Merp y Stormbringer principalmente. Si necesitas saber algo de juegos de estrategia y tablero siempre puedes contactar con \u00e9l.<strong><br \/>\n<\/strong><\/li>\n<li><strong>Necrus.-<\/strong> Se\u00f1or todopoderoso de los undead que hace de Dungeons &amp; Dragons su juego. Master oficial de D&amp;D en todas sus versiones desde la caja roja. Tambi\u00e9n ha dirigido otros juegos secundarios como Paranoia. Le encantan las miniaturas y por supuesto su ejercito de Muertos Vivientes.<strong><br \/>\n<\/strong><\/li>\n<li><strong>Pulpandante.- <\/strong>Nuestro entra\u00f1able Pulpy con sus personajes estramb\u00f3ticos siempre ha dado color a las partidas con sus extra\u00f1os conceptos de personajes. Master de Gurps principalmente es recordado por el indestructible alienigena pulpoide de las partidas de Champios y de ah\u00ed recibe su nombre.<strong><br \/>\n<\/strong><\/li>\n<li><strong>Rankor.- <\/strong>Master de Rolemaster y Champions actualmente reconvertido al Multiverso Runequest. Ostenta el record de muertes absurdas en las partidas de Dungeons del que ha sido detractor declarado hasta que, con la aparici\u00f3n de la cuarta edici\u00f3n, por fin se dign\u00f3 a reconocer ante Necrus que D&amp;D es un buen juego.<strong><br \/>\n<\/strong><\/li>\n<\/ul>\n","protected":false},"excerpt":{"rendered":"<p>Rolemonsters es un grupo de jugadores de rol ubicado en Cullera que tras 20 a\u00f1os de partidas a multitud de juegos sigue dando guerra. Cualquiera diria que 20 a\u00f1os da para acabar con todos&#46;&#46;&#46;<\/p>\n","protected":false},"author":5,"featured_media":0,"parent":0,"menu_order":0,"comment_status":"open","ping_status":"open","template":"","meta":{"footnotes":""},"class_list":["post-3","page","type-page","status-publish","hentry"],"_links":{"self":[{"href":"https:\/\/alpeia.com\/blogs\/rolemonsters\/wp-json\/wp\/v2\/pages\/3","targetHints":{"allow":["GET"]}}],"collection":[{"href":"https:\/\/alpeia.com\/blogs\/rolemonsters\/wp-json\/wp\/v2\/pages"}],"about":[{"href":"https:\/\/alpeia.com\/blogs\/rolemonsters\/wp-json\/wp\/v2\/types\/page"}],"author":[{"embeddable":true,"href":"https:\/\/alpeia.com\/blogs\/rolemonsters\/wp-json\/wp\/v2\/users\/5"}],"replies":[{"embeddable":true,"href":"https:\/\/alpeia.com\/blogs\/rolemonsters\/wp-json\/wp\/v2\/comments?post=3"}],"version-history":[{"count":13,"href":"https:\/\/alpeia.com\/blogs\/rolemonsters\/wp-json\/wp\/v2\/pages\/3\/revisions"}],"predecessor-version":[{"id":19,"href":"https:\/\/alpeia.com\/blogs\/rolemonsters\/wp-json\/wp\/v2\/pages\/3\/revisions\/19"}],"wp:attachment":[{"href":"https:\/\/alpeia.com\/blogs\/rolemonsters\/wp-json\/wp\/v2\/media?parent=3"}],"curies":[{"name":"wp","href":"https:\/\/api.w.org\/{rel}","templated":true}]}}