{"id":2,"date":"2009-12-15T19:57:04","date_gmt":"2009-12-15T18:57:04","guid":{"rendered":""},"modified":"2010-02-24T23:56:24","modified_gmt":"2010-02-24T22:56:24","slug":"about","status":"publish","type":"page","link":"https:\/\/alpeia.com\/blogs\/pulpandante\/about\/","title":{"rendered":"Acerca de"},"content":{"rendered":"<p>\u00bfQue pretende se esto? Pues sinceramente de momento no tengo ni idea :-p<\/p>\n<p>Supongo que sea cual sea el contenido final de este blog estar\u00e1 influenciado por mis aficiones. Mis principales aficiones son los juegos de rol, la literatura y la ciencia. As\u00ed que aqu\u00ed estamos, intentando entrar en el mundillo de los blogs.<\/p>\n<p>PD: Como puedes observar es un \u00abacerca de\u00bb altamente informativo.<\/p>\n","protected":false},"excerpt":{"rendered":"<p>\u00bfQue pretende se esto? Pues sinceramente de momento no tengo ni idea :-p Supongo que sea cual sea el contenido final de este blog estar\u00e1 influenciado por mis aficiones. Mis principales aficiones son los&#46;&#46;&#46;<\/p>\n","protected":false},"author":6,"featured_media":0,"parent":0,"menu_order":0,"comment_status":"open","ping_status":"closed","template":"","meta":{"footnotes":""},"class_list":["post-2","page","type-page","status-publish","hentry"],"_links":{"self":[{"href":"https:\/\/alpeia.com\/blogs\/pulpandante\/wp-json\/wp\/v2\/pages\/2","targetHints":{"allow":["GET"]}}],"collection":[{"href":"https:\/\/alpeia.com\/blogs\/pulpandante\/wp-json\/wp\/v2\/pages"}],"about":[{"href":"https:\/\/alpeia.com\/blogs\/pulpandante\/wp-json\/wp\/v2\/types\/page"}],"author":[{"embeddable":true,"href":"https:\/\/alpeia.com\/blogs\/pulpandante\/wp-json\/wp\/v2\/users\/6"}],"replies":[{"embeddable":true,"href":"https:\/\/alpeia.com\/blogs\/pulpandante\/wp-json\/wp\/v2\/comments?post=2"}],"version-history":[{"count":6,"href":"https:\/\/alpeia.com\/blogs\/pulpandante\/wp-json\/wp\/v2\/pages\/2\/revisions"}],"predecessor-version":[{"id":9,"href":"https:\/\/alpeia.com\/blogs\/pulpandante\/wp-json\/wp\/v2\/pages\/2\/revisions\/9"}],"wp:attachment":[{"href":"https:\/\/alpeia.com\/blogs\/pulpandante\/wp-json\/wp\/v2\/media?parent=2"}],"curies":[{"name":"wp","href":"https:\/\/api.w.org\/{rel}","templated":true}]}}