{"id":370,"date":"2010-09-27T18:14:53","date_gmt":"2010-09-27T16:14:53","guid":{"rendered":"http:\/\/alpeia.com\/blogs\/loshijosdekaixiflan\/?page_id=370"},"modified":"2010-11-30T20:21:35","modified_gmt":"2010-11-30T18:21:35","slug":"eventos","status":"publish","type":"page","link":"https:\/\/alpeia.com\/blogs\/loshijosdekaixiflan\/eventos\/","title":{"rendered":"Eventos"},"content":{"rendered":"<p style=\"text-align: justify\"><strong>Educaci\u00f3n al poder (A\u00f1o 4 Primavera)<\/strong><\/p>\n<p style=\"text-align: justify\">Con motivo de la incorporaci\u00f3n inminente a la Liga de los Reinos se ha  decretado la educaci\u00f3n obligatoria para todo ciudadano del Reino. Con  este impulso coordinado se favorecer\u00e1 la mejora de los niveles  culturales y se potenciar\u00e1 la obtenci\u00f3n de la tan necesaria ciencia en  el Reino. El recurso Ciencia costar\u00e1 x2 a partir del A\u00f1o 4 y alcanzar\u00e1  un ratio de valor normal de x1 a partir de la Primavera del A\u00f1o 5.\u00a0 Una  gran noticia que agradecer\u00e1n todos los subditos de Kaixifl\u00e1n. Sin  embargo, el esfuerzo econ\u00f3mico lastrar\u00e1 las arcas de Kaixifl\u00e1n durante  un tiempo y por tanto se establecer\u00e1n impuestos extraordinarios para  compensar el efecto pernicioso en las arcas reales a partir del A\u00f1o 5.<\/p>\n<p style=\"text-align: justify\"><strong>Liga de los Reinos (A\u00f1o 3 Primavera)<\/strong><\/p>\n<p style=\"text-align: justify\"><em>Con motivo de la revisi\u00f3n de ciertos  aspectos del devenir del Reino de kaixifl\u00e1n y ante la m\u00e1s que probable  entrada en la Liga de los Reinos, se van a introducir unos cambios  sustanciales propuestos por el Gran Bur\u00f3crata Real\u00a0 a partir de este A\u00f1o  3\u00a0 para corregir algunas situaciones no deseadas y mejorar el clima de  la poblaci\u00f3n en general. Se ruega a los gobernantes los lean con  detenimiento a apliquen de inmediato las siguientes recomendaciones de  cumplimiento obligatorio:<\/em><\/p>\n<p style=\"text-align: justify\"><em><span> <\/span><\/em><\/p>\n<ul style=\"text-align: justify\">\n<li><em>Los asentamiento propios recolectan autom\u00e1ticamente sin consumir  acci\u00f3n. Debe especificarse las casillas en el caso de villa y fortaleza.  Los asentamientos independientes no son propios del gobernador.<\/em><\/li>\n<li><em>El bonus de los edificios en la Capital se contabilizar\u00e1n como  ingresos adicionales independientemente del control de recursos  efectivo. Es decir, son en s\u00ed mismas fuentes de recursos.<\/em><\/li>\n<li><em>El coste de la Maravilla de cada Era incluye el coste del Progreso,  de modo que no hay que pagar dos veces el coste (maravilla + progreso).<\/em><\/li>\n<li><em>Las tropas y unidades podr\u00e1n desplegarse en la periferia de los  asentamientos. Esto ya era as\u00ed, pero lo recuerdo porque no se est\u00e1  usando.<\/em><\/li>\n<li><em>El comercio tiene una escala: x3 \u2013 x2 \u2013 x1 \u2013 x1\/2 \u2013 x1\/3 y los  niveles servir\u00e1n para definir la Abundancia, que consistir\u00e1 en que baja  en un nivel la escala de comercio. Ya no se dan ingresos directos en la  recolecci\u00f3n sino que son efectos de abundancia en el comercio. De esta  manera un comercio libre (x3) de un producto abundante pasa a ser x2  (baja un nivel).<\/em><\/li>\n<li><em>En la Pol\u00edtica, el Comercio Exterior declara la abundancia  independientemente de sus recursos controlados. Todos ganan un nivel en  el comercio del producto abundante y el que ostente el cargo, gana dos  niveles.<\/em><\/li>\n<li><em>En la pol\u00edtica, el Gobernador tiene 1 acci\u00f3n\/era gratuita para  realizar acciones con asentamientos y unidades independientes. De este  modo un Gobernador en la era 3 tendr\u00e1 adem\u00e1s de sus acciones personales,  3 acciones para usar como gobernador.<\/em><\/li>\n<li><em>En la Pol\u00edtica, el preferido de kaixifl\u00e1n dispondr\u00e1 de una acci\u00f3n de  Movimiento en la que puede teleportar a Kaixifl\u00e1n a su capital.  Mantiene la pacificaci\u00f3n del \u00e1rea y baja en un nivel la escala de  comercio en vez de comerciar a x1. Sustituye el x2 a recursos del area  por un bonus en capital de +1 a todos los recursos.<\/em><\/li>\n<li><em>El combate pasa a ser 2D6 vs 2D6 de normal pero en caso del doble de  tropas a 3D6 vs 2D6 ( en vez del 3D6 vs 1D6 anterior para MAS del doble  de tropas anterior). Adem\u00e1s se considera que los colonos tienen 2  puntos de vida y los ej\u00e9rcitos tienen 5 puntos de vida.<\/em><\/li>\n<\/ul>\n<p style=\"text-align: justify\"><strong>Gobierno eficaz (A\u00f1o 1 Verano)<\/strong><br \/>\n<em>Con el reparto de cargos pol\u00edticos y la  organizaci\u00f3n inicial del Reino de Kaixifl\u00e1n en seis provincias, se pone  fin a este periodo de caos aparente. La maquinaria de los diferentes  gobiernos provinciales comienza a funcionar optimizando los recursos y  agilizando las gestiones y \u00f3rdenes demandadas por sus l\u00edderes. A partir  de estos momentos las acciones efectivas de cada gobierno aumentan en  +2.<\/em><\/p>\n","protected":false},"excerpt":{"rendered":"<p>Educaci\u00f3n al poder (A\u00f1o 4 Primavera) Con motivo de la incorporaci\u00f3n inminente a la Liga de los Reinos se ha decretado la educaci\u00f3n obligatoria para todo ciudadano del Reino. Con este impulso coordinado se&#46;&#46;&#46;<\/p>\n","protected":false},"author":5,"featured_media":0,"parent":0,"menu_order":9,"comment_status":"open","ping_status":"open","template":"","meta":{"footnotes":""},"class_list":["post-370","page","type-page","status-publish","hentry"],"_links":{"self":[{"href":"https:\/\/alpeia.com\/blogs\/loshijosdekaixiflan\/wp-json\/wp\/v2\/pages\/370","targetHints":{"allow":["GET"]}}],"collection":[{"href":"https:\/\/alpeia.com\/blogs\/loshijosdekaixiflan\/wp-json\/wp\/v2\/pages"}],"about":[{"href":"https:\/\/alpeia.com\/blogs\/loshijosdekaixiflan\/wp-json\/wp\/v2\/types\/page"}],"author":[{"embeddable":true,"href":"https:\/\/alpeia.com\/blogs\/loshijosdekaixiflan\/wp-json\/wp\/v2\/users\/5"}],"replies":[{"embeddable":true,"href":"https:\/\/alpeia.com\/blogs\/loshijosdekaixiflan\/wp-json\/wp\/v2\/comments?post=370"}],"version-history":[{"count":7,"href":"https:\/\/alpeia.com\/blogs\/loshijosdekaixiflan\/wp-json\/wp\/v2\/pages\/370\/revisions"}],"predecessor-version":[{"id":631,"href":"https:\/\/alpeia.com\/blogs\/loshijosdekaixiflan\/wp-json\/wp\/v2\/pages\/370\/revisions\/631"}],"wp:attachment":[{"href":"https:\/\/alpeia.com\/blogs\/loshijosdekaixiflan\/wp-json\/wp\/v2\/media?parent=370"}],"curies":[{"name":"wp","href":"https:\/\/api.w.org\/{rel}","templated":true}]}}