{"id":409,"date":"2014-07-17T11:00:43","date_gmt":"2014-07-17T09:00:43","guid":{"rendered":"http:\/\/alpeia.com\/blogs\/cronicasdecarabas\/?page_id=409"},"modified":"2014-07-17T11:00:43","modified_gmt":"2014-07-17T09:00:43","slug":"william-shield-si-ese-es-su-verdadero-nombre","status":"publish","type":"page","link":"https:\/\/alpeia.com\/blogs\/cronicasdecarabas\/personajes\/prueba-2\/william-shield-si-ese-es-su-verdadero-nombre\/","title":{"rendered":"William Shield, si ese es su verdadero nombre"},"content":{"rendered":"<p>William Shield es un misterioso personaje que nuestros j\u00f3venes h\u00e9roes encontraron \u00abpor casualidad\u00bb en el barco de <a title=\"La tripulaci\u00f3n del \u201cCrines de Espuma\u201d\" href=\"http:\/\/alpeia.com\/blogs\/cronicasdecarabas\/personajes\/prueba-2\/la-tripulacion-del-crines-de-espuma\/\">Jabbar Rihab<\/a>.<\/p>\n<p>Es un hombre de mediana edad, con barba arreglada y complexi\u00f3n musculosa. Dice ser un cl\u00e9rigo de Tulkas, y que trabaja por libre o como mercenario, siempre tratando de honrar a su dios y ayudar al Marquesado. Es muy callado, pero sorprendentemente sociable, y cuando Lancia se acerc\u00f3 para hablar con \u00e9l no tuvo ning\u00fan problema en mostrarse amable y responder a todas sus preguntas. A\u00fan as\u00ed, los j\u00f3venes h\u00e9roes sospechaban que hab\u00eda sido enviado por alguien para seguirles en su viaje al salvaje noroeste, pero no pudieron averiguar quien.<\/p>\n<p>William parece reconocer de algo a Frank Melher, como si le hubiera visto antes, pero el reconocimiento no parece mutuo.<\/p>\n<p>Tras varias aventuras y combates a bordo del \u00abCrines de Espuma\u00bb y a trav\u00e9s de las llanuras hasta Minas Tirith, el propio William confes\u00f3 a los muchachos que estaba all\u00ed para seguirles y protegerles, pero al darse cuenta de que no era necesario les iba a dejar solos para que realizaran su misi\u00f3n en secreto. De alguna forma, William les dio una intimidad que no parece que deb\u00edan tener&#8230;\u00bfQuien esta detr\u00e1s de William?\u00bfQuien esta interesado en las aventuras y misiones secretas de los chicos?<\/p>\n","protected":false},"excerpt":{"rendered":"<p>William Shield es un misterioso personaje que nuestros j\u00f3venes h\u00e9roes encontraron \u00abpor casualidad\u00bb en el barco de Jabbar Rihab. Es un hombre de mediana edad, con barba arreglada y complexi\u00f3n musculosa. Dice ser un&#46;&#46;&#46;<\/p>\n","protected":false},"author":13,"featured_media":0,"parent":54,"menu_order":0,"comment_status":"open","ping_status":"open","template":"","meta":{"footnotes":""},"class_list":["post-409","page","type-page","status-publish","hentry"],"_links":{"self":[{"href":"https:\/\/alpeia.com\/blogs\/cronicasdecarabas\/wp-json\/wp\/v2\/pages\/409","targetHints":{"allow":["GET"]}}],"collection":[{"href":"https:\/\/alpeia.com\/blogs\/cronicasdecarabas\/wp-json\/wp\/v2\/pages"}],"about":[{"href":"https:\/\/alpeia.com\/blogs\/cronicasdecarabas\/wp-json\/wp\/v2\/types\/page"}],"author":[{"embeddable":true,"href":"https:\/\/alpeia.com\/blogs\/cronicasdecarabas\/wp-json\/wp\/v2\/users\/13"}],"replies":[{"embeddable":true,"href":"https:\/\/alpeia.com\/blogs\/cronicasdecarabas\/wp-json\/wp\/v2\/comments?post=409"}],"version-history":[{"count":1,"href":"https:\/\/alpeia.com\/blogs\/cronicasdecarabas\/wp-json\/wp\/v2\/pages\/409\/revisions"}],"predecessor-version":[{"id":410,"href":"https:\/\/alpeia.com\/blogs\/cronicasdecarabas\/wp-json\/wp\/v2\/pages\/409\/revisions\/410"}],"up":[{"embeddable":true,"href":"https:\/\/alpeia.com\/blogs\/cronicasdecarabas\/wp-json\/wp\/v2\/pages\/54"}],"wp:attachment":[{"href":"https:\/\/alpeia.com\/blogs\/cronicasdecarabas\/wp-json\/wp\/v2\/media?parent=409"}],"curies":[{"name":"wp","href":"https:\/\/api.w.org\/{rel}","templated":true}]}}